897?
245
What is the remainder when 15876044 is divided by 1984505?
4
Calculate the remainder when 418886 is divided by 26.
0
What is the remainder when 12039179 is divided by 17?
0
Calculate the remainder when 5318087 is divided by 2263.
37
What is the remainder when 45710 is divided by 2931?
1745
What is the remainder when 23529 is divided by 762?
669
What is the remainder when 269523 is divided by 67337?
175
What is the remainder when 69859257 is divided by 18?
15
What is the remainder when 372896 is divided by 438?
158
What is the remainder when 6395964 is divided by 3197979?
6
What is the remainder when 131923 is divided by 43970?
13
What is the remainder when 830964 is divided by 830928?
36
Calculate the remainder when 45142146 is divided by 5079.
5073
What is the remainder when 244396175 is divided by 24?
23
Calculate the remainder when 25902535 is divided by 160.
135
Calculate the remainder when 580668 is divided by 105.
18
What is the remainder when 128445897 is divided by 111?
27
Calculate the remainder when 95301 is divided by 974.
823
What is the remainder when 1017419 is divided by 136?
3
What is the remainder when 19578128 is divided by 532?
528
What is the remainder when 290248 is divided by 9361?
57
Calculate the remainder when 14060942 is divided by 28.
14
Calculate the remainder when 1222786 is divided by 10538.
378
What is the remainder when 10036824 is divided by 501841?
4
What is the remainder when 6021 is divided by 5317?
704
What is the remainder when 4066142 is divided by 1674?
1670
What is the remainder when 16482858 is divided by 1098856?
18
What is the remainder when 67626 is divided by 7445?
621
Calculate the remainder when 47691401 is divided by 87668.
9
Calculate the remainder when 495886 is divided by 2953.
2735
Calculate the remainder when 680771 is divided by 61860.
311
What is the remainder when 19412846 is divided by 9706421?
4
Calculate the remainder when 6480639 is divided by 1233.
1224
Calculate the remainder when 1493005 is divided by 373251.
1
What is the remainder when 3090635 is divided by 206040?
35
Calculate the remainder when 309330 is divided by 201.
192
What is the remainder when 129126 is divided by 6275?
3626
Calculate the remainder when 8146627 is divided by 809.
806
What is the remainder when 3969 is divided by 1401?
1167
What is the remainder when 8097414 is divided by 5431?
5224
Calculate the remainder when 21832 is divided by 10837.
158
What is the remainder when 608874 is divided by 7906?
112
Calculate the remainder when 3362144 is divided by 1681068.
8
Calculate the remainder when 30564506 is divided by 6691.
18
What is the remainder when 75087 is divided by 14801?
1082
Calculate the remainder when 24152525 is divided by 1472.
1421
Calculate the remainder when 136975 is divided by 320.
15
What is the remainder when 26298776 is divided by 5977?
5953
What is the remainder when 3688144 is divided by 1097?
30
Calculate the remainder when 2845729 is divided by 711421.
45
Calculate the remainder when 88501 is divided by 6793.
192
What is the remainder when 27675147 is divided by 6918784?
11
What is the remainder when 2443 is divided by 308?
287
Calculate the remainder when 191456 is divided by 14725.
31
What is the remainder when 1958541 is divided by 244816?
13
Calculate the remainder when 10613141 is divided by 53.
50
What is the remainder when 983217 is divided by 983122?
95
Calculate the remainder when 78986 is divided by 69125.
9861
Calculate the remainder when 37197896 is divided by 117.
86
Calculate the remainder when 59237 is divided by 1389.
899
Calculate the remainder when 777930 is divided by 388.
378
What is the remainder when 60597343 is divided by 302?
137
Calculate the remainder when 6046008 is divided by 115.
113
What is the remainder when 7671333 is divided by 6232?
5973
Calculate the remainder when 1168929872 is divided by 4265.
4262
What is the remainder when 5018340 is divided by 2509157?
26
What is the remainder when 2090387 is divided by 161?
124
Calculate the remainder when 20533558 is divided by 1096.
1094
Calculate the remainder when 1125107 is divided by 2953.
14
Calculate the remainder when 20483689 is divided by 57.
55
Calculate the remainder when 1757762 is divided by 585920.
2
What is the remainder when 136262 is divided by 136213?
49
Calculate the remainder when 22187419 is divided by 633926.
9
What is the remainder when 6105090 is divided by 3052533?
24
Calculate the remainder when 98532507 is divided by 781.
766
What is the remainder when 4914126 is divided by 11?
8
Calculate the remainder when 39268 is divided by 655.
623
What is the remainder when 214873 is divided by 1425?
1123
Calculate the remainder when 140948 is divided by 70134.
680
What is the remainder when 622137 is divided by 1107?
3
What is the remainder when 123045926 is divided by 23?
20
Calculate the remainder when 74356536 is divided by 1894.
1884
What is the remainder when 707983 is divided by 81?
43
Calculate the remainder when 739382 is divided by 242133.
12983
Calculate the remainder when 773262 is divided by 11371.
34
What is the remainder when 86817 is divided by 975?
42
What is the remainder when 398434 is divided by 26468?
1414
Calculate the remainder when 48095847 is divided by 2456.
2455
Calculate the remainder when 162411 is divided by 2740.
751
What is the remainder when 165236 is divided by 1305?
806
Calculate the remainder when 25056177 is divided by 151.
143
What is the remainder when 8513887 is divided by 2128415?
227
What is the remainder when 10126 is divided by 1260?
46
Calculate the remainder when 111186673 is divided by 1327.
1324
Calculate the remainder when 132882616 is divided by 68110.
6
What is the remainder when 2343308 is divided by 876?
8
What is the remainder when 3006299 is divided by 18?
11
What is the remainder when 1284730943 is divided by 112?
111
Calculate the remainder when 3751205 is divided by 6089.
381
What is the remainder when 1115551762 is divided by 303?
298
What is the remainder when 225256 is divided by 1574?
174
Calculate the remainder when 21865 is divided by 5731.
4672
Calculate the remainder when 2834904 is divided by 153.
120
Calculate the remainder when 57949 is divided by 117.
34
Calculate the remainder when 331706 is divided by 666.
38
Calculate the remainder when 798667 is divided by 269.
6
What is the remainder when 816067 is divided by 10471?
9800
Calculate the remainder when 4603462 is divided by 219212.
10
Calculate the remainder when 310038 is divided by 120.
78
Calculate the remainder when 210078481 is divided by 3058.
3055
Calculate the remainder when 210380 is divided by 210357.
23
Calculate the remainder when 5256186 is divided by 245.
201
Calculate the remainder when 51280 is divided by 139.
128
Calculate the remainder when 11123975 is divided by 2034.
29
What is the remainder when 10795 is divided by 533?
135
What is the remainder when 306003 is divided by 983?
290
Calculate the remainder when 793787 is divided by 451.
27
What is the remainder when 24164076 is divided by 2013668?
60
Calculate the remainder when 15673630 is divided by 8.
6
Calculate the remainder when 1314874 is divided by 316.
314
What is the remainder when 2755858 is divided by 918464?
466
Calculate the remainder when 533098 is divided by 35.
13
What is the remainder when 21504477 is divided by 39?
33
What is the remainder when 491816 is divided by 281?
66
What is the remainder when 16467101 is divided by 1528?
1373
Calculate the remainder when 17125253 is divided by 2909.
2879
Calculate the remainder when 43438 is divided by 20530.
2378
Calculate the remainder when 6182078 is divided by 2060691.
5
Calculate the remainder when 566247 is divided by 5778.
3
What is the remainder when 1057123 is divided by 19220?
23
What is the remainder when 61727 is divided by 269?
126
What is the remainder when 3042105 is divided by 1457?
1346
Calculate the remainder when 4297363 is divided by 186.
19
Calculate the remainder when 94509 is divided by 8464.
1405
What is the remainder when 18498721 is divided by 551?
549
What is the remainder when 35195092 is divided by 6180?
6172
Calculate the remainder when 653185 is divided by 16748.
13
Calculate the remainder when 2361182 i